e
Suppose -y - 103410 = -5*n, 4*n - 7*y + 3*y = 82744. Is n composite?
False
Let u = -15654 + 22601. Is u a composite number?
False
Let j(f) be the first derivative of f**3/3 - 1. Let t = 36 + -31. Is j(t) composite?
True
Suppose -1540 = -14*m + 10*m. Is (-44541)/(-11) - 5*14/m prime?
True
Suppose -2*x - 2*x + 511 = a, 4*x + 2104 = 4*a. Suppose -a = 74*k - 75*k. Is k a prime number?
True
Let d = 382 + -201. Let o(g) = -23*g**2 + 4*g. Let q be o(2). Let b = d + q. Is b a prime number?
True
Let k(s) = -103*s - 81. Is k(-20) a prime number?
True
Let d(t) be the first derivative of 2*t**3/3 + 2*t**2 - 4*t - 2. Let c be d(4). Suppose 0 = z + 1, -2*z = -m + c + 47. Is m a prime number?
True
Let n(i) = i**3 + 6*i**2 + 2*i - 13. Let k be n(-5). Is (-2 + 4 - -494) + (5 - k) a composite number?
False
Suppose 8*s = 3*t + 9*s - 61495, 20495 = t + 2*s. Is t composite?
True
Let o = 16 + -8. Suppose -3*z = -5*w + 2, -z = -2*w + 4*w + o. Is ((-1)/w)/(12/72) a prime number?
True
Is (-64)/(-72)*5277 + (-2)/(-6) composite?
False
Is (-2)/(-31) + (-31)/(3844/(-7590156)) prime?
True
Let h = -116 + 146. Let u(d) = 10*d - 101. Is u(h) composite?
False
Suppose 434 = 3*c + 3*v - 5*v, 0 = -5*c - v + 745. Is (c/6)/(14/231) prime?
False
Let p(n) = -n**2 - 3*n - 1. Let j be p(-5). Let a = -3 - j. Suppose -a*t - 160 = -984. Is t prime?
True
Let c be -43 - (-5 - (-2 - -1)). Let r = -2 - c. Is r prime?
True
Suppose -2*z + 3 = -z. Suppose q = -2*q - 3*j + 3180, 2*q - 2119 = -z*j. Is q a prime number?
True
Let r(d) = -d + 1. Let s(k) = -70*k + 4. Let w(v) = -5*r(v) + s(v). Is w(-4) a composite number?
True
Suppose 3*r - 5*t = 8*r - 128695, t + 25731 = r. Is r composite?
True
Let a(l) be the first derivative of -31*l**4/2 + 2*l**3/3 + 7*l**2/2 + 2*l - 26. Is a(-3) prime?
False
Let l(o) = -o**3 - 13*o**2 + 12*o - 25. Let x be l(-14). Suppose 2*i - 107 = -3*j, 5*j - 217 = -x*i - i. Is i prime?
False
Let k be (-3)/((-2)/4 + -1). Suppose -5*v = 5*o - 1675, k*v - 2*o - 675 = o. Suppose 2*l = -b - 3*b + v, 0 = 2*l - 2*b - 306. Is l composite?
True
Let k(z) = -z**3 - 5*z**2 - 24*z + 65. Is k(-7) a composite number?
False
Suppose 4*u - 434 - 94 = 0. Let n = -728 + u. Let g = -415 - n. Is g a composite number?
False
Suppose -6*d - 80244 = -0*d. Is d/(-36) + 2/(-4) prime?
False
Let t = 17 + -23. Let u be (14/t - -2)*-15. Suppose -2*q = -u*j + 503 + 565, 0 = -5*j - 3*q + 1073. Is j a prime number?
False
Suppose 5*w = 2*w - 3348. Let i be -1638 + -2 - ((-10)/1 + 7). Let m = w - i. Is m a composite number?
False
Let h(r) = 29*r**2. Let p be h(1). Let q = 65 - p. Suppose -4*t + 200 = -q. Is t a prime number?
True
Suppose -1141 = -9*u + 272. Is u prime?
True
Let j be -3*((-32)/(-12))/4. Let c be j/4 - 7548/(-8). Suppose -217 = -4*u + 4*n + c, -3*n + 302 = u. Is u a composite number?
False
Let a be 72 - 2*(-12)/8. Suppose -4*s - 3*c + 29 = 0, 0*s + 5*s - 4*c - a = 0. Is s/(-2)*-22 + 0 a composite number?
True
Suppose 10311*t - 10320*t + 499077 = 0. Is t prime?
False
Let x = 8 + -6. Let h be (-1)/3 - x/(-6). Suppose 5*r - 5*q - 725 = 0, 5*r + q + 3*q - 761 = h. Is r prime?
True
Let v(w) = 802 - 4*w + 1215 - 474. Is v(0) a prime number?
True
Let b = -548 - -1497. Let o = b - 555. Is o a prime number?
False
Let q = 5861 + -2922. Is q composite?
False
Let s = 18 - 18. Suppose s = -4*p - 4, l - 3*p - 136 + 6 = 0. Is l a composite number?
False
Let y(q) = -2*q**3 + 4*q**2 + 7*q - 5. Is y(-12) composite?
False
Let b = 2 + -330. Suppose -l + 3*c + 2325 = 2*l, 0 = 5*l + c - 3887. Let j = l + b. Is j a prime number?
True
Suppose 3 = g - 2. Let d(m) = 2*m**2 - 4*m + 3. Is d(g) a prime number?
False
Let f = 26 + -14. Let x(u) = u**2 - 5*u - 13. Is x(f) a prime number?
True
Suppose 26 + 20 = 2*w. Suppose -5*u + w = 8. Suppose -q - 4*v + 399 = 0, -2*q - 7*v + 818 = -u*v. Is q prime?
True
Suppose 10*q = 11*q. Suppose q = 2*f + f - 669. Is f composite?
False
Let y be (7768/(-10))/((-24)/60). Let t = -1074 + y. Suppose 0*n = 4*n - t. Is n a composite number?
True
Suppose 0 = 11*n + 10*n - 105882. Is n a prime number?
False
Suppose -5*v = 5*v - 42270. Suppose 12*g = 15*g - v. Is g a composite number?
False
Let w(o) = o**2 + 2*o - 11. Let d be w(-5). Suppose -464 + 1788 = d*r. Is r a prime number?
True
Suppose 3*g - 5 - 1 = 0. Suppose g*n - 3*n = -4*m + 23, -5*m - 3*n = -33. Suppose 0 = -0*t - m*t + 654. Is t prime?
True
Suppose -2*s = -14 - 22. Suppose -3*w - 3*p - s = 0, 5*w - 2*p + 20 = 4. Let b(x) = 11*x**2 + 6*x + 9. Is b(w) a prime number?
False
Let g = 56 - -368. Let a = -279 + g. Is a a prime number?
False
Let o = -7 + 6. Let d be 374 - (o - -4 - -1). Let f = d - -171. Is f a composite number?
False
Suppose 35 = -5*o - 0. Let x(i) = -4*i**2 + i**2 + 2*i**2 - i**3 + 3 + 16*i. Is x(o) composite?
True
Suppose 2*v - 3*k = -103, 0 = 3*v + 3*k + 38 + 109. Is (834/10)/((-10)/v) a composite number?
True
Let v = -12 + 14. Suppose 2*n = -v*n. Suppose -a + z + 261 = 0, n*a + 3*z - 1289 = -5*a. Is a composite?
True
Suppose 9*j - 51 - 48 = 0. Suppose -j*y + 5*y + 318 = 0. Is y a prime number?
True
Suppose -2*o = -b - 50, -b = -0*b + 4*o + 68. Let j = b + 98. Is (-6)/2*(-8722)/j composite?
True
Suppose -11*b + 1 = -21. Suppose 1934 = 4*k - b*k. Is k a prime number?
True
Suppose -2*f + 4*t = 1 + 3, 3*t + 3 = 0. Let o(v) = 2*v + 3. Let u be o(f). Let y(a) = 9*a**2 + 6*a - 4. Is y(u) a composite number?
False
Let f(n) = 10287*n - 17. Is f(2) a prime number?
False
Let q be (-2 + (5 - 3))/(-4). Let c(d) = d**2 + d + 1745. Is c(q) prime?
False
Let x(f) = 83*f**2 + f - 12. Let m be x(-5). Let t = m - 923. Is t prime?
False
Let v = 40 + -42. Let h(b) = 50*b**2 + 7*b + 8. Is h(v) a composite number?
True
Suppose 859*f = 875*f. Let p(r) = -2*r**3 + 2*r - r + 0*r + 59 + r**2. Is p(f) a prime number?
True
Suppose -5 = -5*o, -2*o + 487 = 5*q - 400. Suppose -3*t + 2*t + q = 0. Is t composite?
True
Suppose 20228 = z + k, 0 = -4*z + k + 40051 + 40871. Suppose -3*x = 5*b - b - 12167, -5*x = -3*b - z. Is x composite?
False
Suppose 3*o - 7 = 8. Suppose 3*f - 2521 = -o*t, -133 = -t - 3*f + 376. Is t a composite number?
False
Let h(x) be the third derivative of 1/60*x**5 + 0 - 5/6*x**3 + 0*x - 5*x**2 + 1/24*x**4. Is h(-7) prime?
True
Let s(x) = -5900*x**3 - 3*x**2 + 26*x + 57. Is s(-2) prime?
False
Let x(q) = 298*q**2 + 1. Let i = -8 + 13. Suppose -3*f = -2 + i. Is x(f) a composite number?
True
Is (-13)/(-39) - (-1 + 31947/(-9)) a composite number?
True
Is (-328554)/(-36) - 2/(-4) a composite number?
False
Let a = 960 + -521. Let l(q) = q**2 + 4*q - 16. Let c be l(-7). Suppose -x - r + a = r, -x + c*r = -460. Is x a composite number?
True
Let j be (3 - 1)/(-6)*3*-4. Suppose 3*s - 1047 = u - 102, -1259 = -j*s + u. Is s composite?
True
Let q(d) = d**3 + d**2. Let j be q(1). Suppose 7 = j*a - 5. Is (2 - a)/2 + 637 a prime number?
False
Let h(u) = 9*u**2 + 5*u - 7. Let o(d) = -2*d**3 + d**3 + 0*d + 11*d**2 - 4*d - 5*d - 4. Let b be o(10). Is h(b) composite?
False
Let m = -25 + 36. Let t(u) = u + 13. Let h be t(-7). Suppose -h*f = -m*f + 555. Is f prime?
False
Let x = 7 - 1. Suppose -3*r = -0*r - x. Suppose -3*v + 475 = r*v. Is v composite?
True
Let j(u) = 850*u - 457. Is j(6) a composite number?
False
Let s(h) = -16051*h + 72. Is s(-2) composite?
True
Let l(t) = -11*t + 3. Let z be l(7). Let f = -50 - z. Suppose 2*q = 322 - f. Is q a composite number?
False
Let l(w) = 4*w**2 - 22*w + 23. Let b be l(11). Suppose 41*r - 36*r = b. Is r composite?
False
Suppose 1 = 3*l - 14. Suppose -4*i = -2*s + 631 + 159, 0 = -l*s - 4*i + 2031. Is s a prime number?
False
Let n be (14/4)/(4/40). Suppose -3*w = -5*r + 34, -5*r + n = -5*w - 15. Let y(c) = -6*c + 11. Is y(w) composite?
False
Suppose -315 = 4*u + 17. Let h = 59 + -108. Let o = h - u. Is o composite?
True
Let u(n) = n**2. Let y(d) = d**2 + 5*d + 2. Let j(b) = 3*u(b) - y(b). Is j(11) a prime number?
False
Let k = -4494 + 8915. Is k composite?
False
Let q be ((-8)/10)/(13/(-65)). Let u be 0 - 800/q - -3. Is u/(-6) - (-11)/66 prime?
False
Suppose -82*d - 98897 = -87*d - 3*x, 0 = -2*d - 4*x + 39570. Is d a composite number?
False
Suppose -12*y + 1850 = -7*y. Let c = 741 - y. Is c composite?
True
Let s = -492 + 733. Let l = 710 - s. Is l a prime number?
False
Let r be 1*(-1 - 0)*0/(-1). Suppose 3*j - 